{"id":425,"date":"2024-01-03T15:52:34","date_gmt":"2024-01-03T15:52:34","guid":{"rendered":"https:\/\/www.flamboyant-elion.94-102-211-149.plesk.page\/?page_id=425"},"modified":"2025-09-08T11:28:19","modified_gmt":"2025-09-08T11:28:19","slug":"nuetzliches","status":"publish","type":"page","link":"https:\/\/www.logopaedie-wortreich.de\/index.php\/nuetzliches\/","title":{"rendered":"ABC der Therapie"},"content":{"rendered":"\t\t<div data-elementor-type=\"wp-page\" data-elementor-id=\"425\" class=\"elementor elementor-425\" data-elementor-post-type=\"page\">\n\t\t\t\t\t\t<section class=\"elementor-section elementor-top-section elementor-element elementor-element-0cd5abe elementor-section-boxed elementor-section-height-default elementor-section-height-default elementor-invisible\" data-id=\"0cd5abe\" data-element_type=\"section\" data-settings=\"{&quot;background_background&quot;:&quot;classic&quot;,&quot;animation&quot;:&quot;slideInLeft&quot;}\">\n\t\t\t\t\t\t<div class=\"elementor-container elementor-column-gap-default\">\n\t\t\t\t\t<div class=\"elementor-column elementor-col-100 elementor-top-column elementor-element elementor-element-e0b8458\" data-id=\"e0b8458\" data-element_type=\"column\">\n\t\t\t<div class=\"elementor-widget-wrap elementor-element-populated\">\n\t\t\t\t\t\t<div class=\"elementor-element elementor-element-4623a77 elementor-invisible elementor-widget elementor-widget-spacer\" data-id=\"4623a77\" data-element_type=\"widget\" data-settings=\"{&quot;_animation&quot;:&quot;slideInLeft&quot;}\" data-widget_type=\"spacer.default\">\n\t\t\t\t<div class=\"elementor-widget-container\">\n\t\t\t\t\t<div class=\"elementor-spacer\">\n\t\t\t<div class=\"elementor-spacer-inner\"><\/div>\n\t\t<\/div>\n\t\t\t\t<\/div>\n\t\t\t\t<\/div>\n\t\t\t\t\t<\/div>\n\t\t<\/div>\n\t\t\t\t\t<\/div>\n\t\t<\/section>\n\t\t\t\t<section class=\"elementor-section elementor-top-section elementor-element elementor-element-16196b6 elementor-section-full_width elementor-section-height-min-height elementor-section-items-stretch elementor-section-content-top elementor-section-height-default\" data-id=\"16196b6\" data-element_type=\"section\" data-settings=\"{&quot;background_background&quot;:&quot;classic&quot;}\">\n\t\t\t\t\t\t<div class=\"elementor-container elementor-column-gap-no\">\n\t\t\t\t\t<div class=\"elementor-column elementor-col-100 elementor-top-column elementor-element elementor-element-268fea8\" data-id=\"268fea8\" data-element_type=\"column\">\n\t\t\t<div class=\"elementor-widget-wrap elementor-element-populated\">\n\t\t\t\t\t\t<div class=\"elementor-element elementor-element-a95399f elementor-invisible elementor-widget elementor-widget-image\" data-id=\"a95399f\" data-element_type=\"widget\" data-settings=\"{&quot;_animation&quot;:&quot;slideInDown&quot;}\" data-widget_type=\"image.default\">\n\t\t\t\t<div class=\"elementor-widget-container\">\n\t\t\t\t\t\t\t\t\t\t\t\t\t<img decoding=\"async\" src=\"https:\/\/www.logopaedie-wortreich.de\/wp-content\/uploads\/2024\/06\/abc-header.jpg\" title=\"abc-header\" alt=\"ABC Wortreich\" loading=\"lazy\" \/>\t\t\t\t\t\t\t\t\t\t\t\t\t<\/div>\n\t\t\t\t<\/div>\n\t\t\t\t\t<\/div>\n\t\t<\/div>\n\t\t\t\t\t<\/div>\n\t\t<\/section>\n\t\t\t\t<section class=\"elementor-section elementor-top-section elementor-element elementor-element-1a835062 elementor-section-content-middle elementor-section-boxed elementor-section-height-default elementor-section-height-default\" data-id=\"1a835062\" data-element_type=\"section\" data-settings=\"{&quot;background_background&quot;:&quot;classic&quot;}\">\n\t\t\t\t\t\t\t<div class=\"elementor-background-overlay\"><\/div>\n\t\t\t\t\t\t\t<div class=\"elementor-container elementor-column-gap-wide\">\n\t\t\t\t\t<div class=\"elementor-column elementor-col-100 elementor-top-column elementor-element elementor-element-2c1724ae\" data-id=\"2c1724ae\" data-element_type=\"column\" data-settings=\"{&quot;background_background&quot;:&quot;classic&quot;}\">\n\t\t\t<div class=\"elementor-widget-wrap elementor-element-populated\">\n\t\t\t\t\t\t<div class=\"elementor-element elementor-element-4db1f541 elementor-invisible elementor-widget elementor-widget-heading\" data-id=\"4db1f541\" data-element_type=\"widget\" data-settings=\"{&quot;_animation&quot;:&quot;fadeIn&quot;,&quot;_animation_delay&quot;:100}\" data-widget_type=\"heading.default\">\n\t\t\t\t<div class=\"elementor-widget-container\">\n\t\t\t<h2 class=\"elementor-heading-title elementor-size-default\">ABC der THERAPIE<\/h2>\t\t<\/div>\n\t\t\t\t<\/div>\n\t\t\t\t<div class=\"elementor-element elementor-element-26a3f9e4 elementor-widget-divider--view-line elementor-invisible elementor-widget elementor-widget-divider\" data-id=\"26a3f9e4\" data-element_type=\"widget\" data-settings=\"{&quot;_animation&quot;:&quot;fadeIn&quot;,&quot;_animation_delay&quot;:300}\" data-widget_type=\"divider.default\">\n\t\t\t\t<div class=\"elementor-widget-container\">\n\t\t\t\t\t<div class=\"elementor-divider\">\n\t\t\t<span class=\"elementor-divider-separator\">\n\t\t\t\t\t\t<\/span>\n\t\t<\/div>\n\t\t\t\t<\/div>\n\t\t\t\t<\/div>\n\t\t\t\t<div class=\"elementor-element elementor-element-5f3f1fcb elementor-invisible elementor-widget elementor-widget-heading\" data-id=\"5f3f1fcb\" data-element_type=\"widget\" data-settings=\"{&quot;_animation&quot;:&quot;fadeIn&quot;,&quot;_animation_delay&quot;:50}\" data-widget_type=\"heading.default\">\n\t\t\t\t<div class=\"elementor-widget-container\">\n\t\t\t<h2 class=\"elementor-heading-title elementor-size-default\">FAQ<\/h2>\t\t<\/div>\n\t\t\t\t<\/div>\n\t\t\t\t<div class=\"elementor-element elementor-element-2a53a3b6 elementor-widget elementor-widget-accordion\" data-id=\"2a53a3b6\" data-element_type=\"widget\" data-widget_type=\"accordion.default\">\n\t\t\t\t<div class=\"elementor-widget-container\">\n\t\t\t\t\t<div class=\"elementor-accordion\">\n\t\t\t\t\t\t\t<div class=\"elementor-accordion-item\">\n\t\t\t\t\t<h2 id=\"elementor-tab-title-7101\" class=\"elementor-tab-title\" data-tab=\"1\" role=\"button\" aria-controls=\"elementor-tab-content-7101\" aria-expanded=\"false\">\n\t\t\t\t\t\t\t\t\t\t\t\t\t<span class=\"elementor-accordion-icon elementor-accordion-icon-right\" aria-hidden=\"true\">\n\t\t\t\t\t\t\t\t\t\t\t\t\t\t\t<span class=\"elementor-accordion-icon-closed\"><i class=\"fas fa-angle-down\"><\/i><\/span>\n\t\t\t\t\t\t\t\t<span class=\"elementor-accordion-icon-opened\"><i class=\"fas fa-angle-up\"><\/i><\/span>\n\t\t\t\t\t\t\t\t\t\t\t\t\t\t<\/span>\n\t\t\t\t\t\t\t\t\t\t\t\t<a class=\"elementor-accordion-title\" tabindex=\"0\">Wie erhalte ich Logop\u00e4die oder Sprachtherapie?<\/a>\n\t\t\t\t\t<\/h2>\n\t\t\t\t\t<div id=\"elementor-tab-content-7101\" class=\"elementor-tab-content elementor-clearfix\" data-tab=\"1\" role=\"region\" aria-labelledby=\"elementor-tab-title-7101\">Ihr betreuender Arzt\/\u00c4rztin stellt bei medizinischer Notwendigkeit eine Heilmittelverordnung f\u00fcr Sprachtherapie oder ein Privatrezept aus.\nGrunds\u00e4tzlich k\u00f6nnen alle \u00c4rzte verordnen (Kinder-\/Jugend\u00e4rzte, HNO-\u00c4rzte, Phoniater, P\u00e4daudiologen, Allgemeinmediziner, Internisten, Neurologen, Kieferorthop\u00e4den, usw.).<\/div>\n\t\t\t\t<\/div>\n\t\t\t\t\t\t\t<div class=\"elementor-accordion-item\">\n\t\t\t\t\t<h2 id=\"elementor-tab-title-7102\" class=\"elementor-tab-title\" data-tab=\"2\" role=\"button\" aria-controls=\"elementor-tab-content-7102\" aria-expanded=\"false\">\n\t\t\t\t\t\t\t\t\t\t\t\t\t<span class=\"elementor-accordion-icon elementor-accordion-icon-right\" aria-hidden=\"true\">\n\t\t\t\t\t\t\t\t\t\t\t\t\t\t\t<span class=\"elementor-accordion-icon-closed\"><i class=\"fas fa-angle-down\"><\/i><\/span>\n\t\t\t\t\t\t\t\t<span class=\"elementor-accordion-icon-opened\"><i class=\"fas fa-angle-up\"><\/i><\/span>\n\t\t\t\t\t\t\t\t\t\t\t\t\t\t<\/span>\n\t\t\t\t\t\t\t\t\t\t\t\t<a class=\"elementor-accordion-title\" tabindex=\"0\">Wie bekomme ich einen Termin in der Praxis?<\/a>\n\t\t\t\t\t<\/h2>\n\t\t\t\t\t<div id=\"elementor-tab-content-7102\" class=\"elementor-tab-content elementor-clearfix\" data-tab=\"2\" role=\"region\" aria-labelledby=\"elementor-tab-title-7102\"><p>Den ersten Termin zur Anamnese und Diagnostik vereinbaren Sie bitte telefonisch mit uns. Danach vergeben wir feste Termine zu festen Zeiten.<br \/>Die Heilmittelverordnung ben\u00f6tigen Sie fr\u00fchestens zum ersten Termin und muss innerhalb von 28 Tagen nach Ausstellung begonnen werden &#8211; bitte lassen Sie diese also nicht zu fr\u00fch ausstellen!<\/p><\/div>\n\t\t\t\t<\/div>\n\t\t\t\t\t\t\t<div class=\"elementor-accordion-item\">\n\t\t\t\t\t<h2 id=\"elementor-tab-title-7103\" class=\"elementor-tab-title\" data-tab=\"3\" role=\"button\" aria-controls=\"elementor-tab-content-7103\" aria-expanded=\"false\">\n\t\t\t\t\t\t\t\t\t\t\t\t\t<span class=\"elementor-accordion-icon elementor-accordion-icon-right\" aria-hidden=\"true\">\n\t\t\t\t\t\t\t\t\t\t\t\t\t\t\t<span class=\"elementor-accordion-icon-closed\"><i class=\"fas fa-angle-down\"><\/i><\/span>\n\t\t\t\t\t\t\t\t<span class=\"elementor-accordion-icon-opened\"><i class=\"fas fa-angle-up\"><\/i><\/span>\n\t\t\t\t\t\t\t\t\t\t\t\t\t\t<\/span>\n\t\t\t\t\t\t\t\t\t\t\t\t<a class=\"elementor-accordion-title\" tabindex=\"0\">Wie oft erhalte ich Therapie?<\/a>\n\t\t\t\t\t<\/h2>\n\t\t\t\t\t<div id=\"elementor-tab-content-7103\" class=\"elementor-tab-content elementor-clearfix\" data-tab=\"3\" role=\"region\" aria-labelledby=\"elementor-tab-title-7103\"><p>Der verordnende Arzt\/\u00c4rztin bestimmt wie lange und wie oft die Therapie erfolgen soll.<br \/>In der Regel erfolgt die Therapie 1-2\/Mal w\u00f6chentlich, bei Bedarf \u00f6fter. Eine Therapieeinheit dauert je nach Verordnung 30, 45 oder 60 Minuten.<br \/>Therapie kann je nach St\u00f6rungsbild wenige Wochen bis zu mehreren Jahren andauern.<\/p><\/div>\n\t\t\t\t<\/div>\n\t\t\t\t\t\t\t<div class=\"elementor-accordion-item\">\n\t\t\t\t\t<h2 id=\"elementor-tab-title-7104\" class=\"elementor-tab-title\" data-tab=\"4\" role=\"button\" aria-controls=\"elementor-tab-content-7104\" aria-expanded=\"false\">\n\t\t\t\t\t\t\t\t\t\t\t\t\t<span class=\"elementor-accordion-icon elementor-accordion-icon-right\" aria-hidden=\"true\">\n\t\t\t\t\t\t\t\t\t\t\t\t\t\t\t<span class=\"elementor-accordion-icon-closed\"><i class=\"fas fa-angle-down\"><\/i><\/span>\n\t\t\t\t\t\t\t\t<span class=\"elementor-accordion-icon-opened\"><i class=\"fas fa-angle-up\"><\/i><\/span>\n\t\t\t\t\t\t\t\t\t\t\t\t\t\t<\/span>\n\t\t\t\t\t\t\t\t\t\t\t\t<a class=\"elementor-accordion-title\" tabindex=\"0\">Was passiert in der ersten Therapieeinheit?<\/a>\n\t\t\t\t\t<\/h2>\n\t\t\t\t\t<div id=\"elementor-tab-content-7104\" class=\"elementor-tab-content elementor-clearfix\" data-tab=\"4\" role=\"region\" aria-labelledby=\"elementor-tab-title-7104\">Im ersten Termin wird ein ausf\u00fchrliches Anamnesegespr\u00e4ch gef\u00fchrt.\nDarauf aufbauend beginnt die Diagnostik, welche unter Umst\u00e4nden auch die n\u00e4chsten Therapieeinheiten fortgef\u00fchrt werden muss. \nDanach werden gemeinsam Therapieziele festgelegt und ein individueller Behandlungsplan erstellt.<\/div>\n\t\t\t\t<\/div>\n\t\t\t\t\t\t\t\t\t\t<script type=\"application\/ld+json\">{\"@context\":\"https:\\\/\\\/schema.org\",\"@type\":\"FAQPage\",\"mainEntity\":[{\"@type\":\"Question\",\"name\":\"Wie erhalte ich Logop\\u00e4die oder Sprachtherapie?\",\"acceptedAnswer\":{\"@type\":\"Answer\",\"text\":\"Ihr betreuender Arzt\\\/\\u00c4rztin stellt bei medizinischer Notwendigkeit eine Heilmittelverordnung f\\u00fcr Sprachtherapie oder ein Privatrezept aus.\\nGrunds\\u00e4tzlich k\\u00f6nnen alle \\u00c4rzte verordnen (Kinder-\\\/Jugend\\u00e4rzte, HNO-\\u00c4rzte, Phoniater, P\\u00e4daudiologen, Allgemeinmediziner, Internisten, Neurologen, Kieferorthop\\u00e4den, usw.).\"}},{\"@type\":\"Question\",\"name\":\"Wie bekomme ich einen Termin in der Praxis?\",\"acceptedAnswer\":{\"@type\":\"Answer\",\"text\":\"<p>Den ersten Termin zur Anamnese und Diagnostik vereinbaren Sie bitte telefonisch mit uns. Danach vergeben wir feste Termine zu festen Zeiten.<br \\\/>Die Heilmittelverordnung ben\\u00f6tigen Sie fr\\u00fchestens zum ersten Termin und muss innerhalb von 28 Tagen nach Ausstellung begonnen werden &#8211; bitte lassen Sie diese also nicht zu fr\\u00fch ausstellen!<\\\/p>\"}},{\"@type\":\"Question\",\"name\":\"Wie oft erhalte ich Therapie?\",\"acceptedAnswer\":{\"@type\":\"Answer\",\"text\":\"<p>Der verordnende Arzt\\\/\\u00c4rztin bestimmt wie lange und wie oft die Therapie erfolgen soll.<br \\\/>In der Regel erfolgt die Therapie 1-2\\\/Mal w\\u00f6chentlich, bei Bedarf \\u00f6fter. Eine Therapieeinheit dauert je nach Verordnung 30, 45 oder 60 Minuten.<br \\\/>Therapie kann je nach St\\u00f6rungsbild wenige Wochen bis zu mehreren Jahren andauern.<\\\/p>\"}},{\"@type\":\"Question\",\"name\":\"Was passiert in der ersten Therapieeinheit?\",\"acceptedAnswer\":{\"@type\":\"Answer\",\"text\":\"Im ersten Termin wird ein ausf\\u00fchrliches Anamnesegespr\\u00e4ch gef\\u00fchrt.\\nDarauf aufbauend beginnt die Diagnostik, welche unter Umst\\u00e4nden auch die n\\u00e4chsten Therapieeinheiten fortgef\\u00fchrt werden muss. \\nDanach werden gemeinsam Therapieziele festgelegt und ein individueller Behandlungsplan erstellt.\"}}]}<\/script>\n\t\t\t\t\t<\/div>\n\t\t\t\t<\/div>\n\t\t\t\t<\/div>\n\t\t\t\t<div class=\"elementor-element elementor-element-c476260 elementor-widget elementor-widget-accordion\" data-id=\"c476260\" data-element_type=\"widget\" data-settings=\"{&quot;_animation&quot;:&quot;none&quot;}\" data-widget_type=\"accordion.default\">\n\t\t\t\t<div class=\"elementor-widget-container\">\n\t\t\t\t\t<div class=\"elementor-accordion\">\n\t\t\t\t\t\t\t<div class=\"elementor-accordion-item\">\n\t\t\t\t\t<h2 id=\"elementor-tab-title-2061\" class=\"elementor-tab-title\" data-tab=\"1\" role=\"button\" aria-controls=\"elementor-tab-content-2061\" aria-expanded=\"false\">\n\t\t\t\t\t\t\t\t\t\t\t\t\t<span class=\"elementor-accordion-icon elementor-accordion-icon-right\" aria-hidden=\"true\">\n\t\t\t\t\t\t\t\t\t\t\t\t\t\t\t<span class=\"elementor-accordion-icon-closed\"><i class=\"fas fa-angle-down\"><\/i><\/span>\n\t\t\t\t\t\t\t\t<span class=\"elementor-accordion-icon-opened\"><i class=\"fas fa-angle-up\"><\/i><\/span>\n\t\t\t\t\t\t\t\t\t\t\t\t\t\t<\/span>\n\t\t\t\t\t\t\t\t\t\t\t\t<a class=\"elementor-accordion-title\" tabindex=\"0\">Muss ich zuhause \u00fcben?<\/a>\n\t\t\t\t\t<\/h2>\n\t\t\t\t\t<div id=\"elementor-tab-content-2061\" class=\"elementor-tab-content elementor-clearfix\" data-tab=\"1\" role=\"region\" aria-labelledby=\"elementor-tab-title-2061\">In den meisten F\u00e4llen beschleunigt h\u00e4usliche \u00dcbung den Therapieerfolg. Sie werden dazu individuell von der zust\u00e4ndigen Therapeutin betreut.\n<\/div>\n\t\t\t\t<\/div>\n\t\t\t\t\t\t\t<div class=\"elementor-accordion-item\">\n\t\t\t\t\t<h2 id=\"elementor-tab-title-2062\" class=\"elementor-tab-title\" data-tab=\"2\" role=\"button\" aria-controls=\"elementor-tab-content-2062\" aria-expanded=\"false\">\n\t\t\t\t\t\t\t\t\t\t\t\t\t<span class=\"elementor-accordion-icon elementor-accordion-icon-right\" aria-hidden=\"true\">\n\t\t\t\t\t\t\t\t\t\t\t\t\t\t\t<span class=\"elementor-accordion-icon-closed\"><i class=\"fas fa-angle-down\"><\/i><\/span>\n\t\t\t\t\t\t\t\t<span class=\"elementor-accordion-icon-opened\"><i class=\"fas fa-angle-up\"><\/i><\/span>\n\t\t\t\t\t\t\t\t\t\t\t\t\t\t<\/span>\n\t\t\t\t\t\t\t\t\t\t\t\t<a class=\"elementor-accordion-title\" tabindex=\"0\">Kommen wir zu Ihnen nach Hause?<\/a>\n\t\t\t\t\t<\/h2>\n\t\t\t\t\t<div id=\"elementor-tab-content-2062\" class=\"elementor-tab-content elementor-clearfix\" data-tab=\"2\" role=\"region\" aria-labelledby=\"elementor-tab-title-2062\">Erwachsene k\u00f6nnen bei Immobilit\u00e4t einen Hausbesuch an der Wohnadresse verschrieben bekommen.<\/div>\n\t\t\t\t<\/div>\n\t\t\t\t\t\t\t<div class=\"elementor-accordion-item\">\n\t\t\t\t\t<h2 id=\"elementor-tab-title-2063\" class=\"elementor-tab-title\" data-tab=\"3\" role=\"button\" aria-controls=\"elementor-tab-content-2063\" aria-expanded=\"false\">\n\t\t\t\t\t\t\t\t\t\t\t\t\t<span class=\"elementor-accordion-icon elementor-accordion-icon-right\" aria-hidden=\"true\">\n\t\t\t\t\t\t\t\t\t\t\t\t\t\t\t<span class=\"elementor-accordion-icon-closed\"><i class=\"fas fa-angle-down\"><\/i><\/span>\n\t\t\t\t\t\t\t\t<span class=\"elementor-accordion-icon-opened\"><i class=\"fas fa-angle-up\"><\/i><\/span>\n\t\t\t\t\t\t\t\t\t\t\t\t\t\t<\/span>\n\t\t\t\t\t\t\t\t\t\t\t\t<a class=\"elementor-accordion-title\" tabindex=\"0\">Was passiert, wenn ich die Therapie kurzfristig nicht wahrnehmen kann?<\/a>\n\t\t\t\t\t<\/h2>\n\t\t\t\t\t<div id=\"elementor-tab-content-2063\" class=\"elementor-tab-content elementor-clearfix\" data-tab=\"3\" role=\"region\" aria-labelledby=\"elementor-tab-title-2063\">Bei Verhinderung bitten wir um Absage 24 Stunden vor dem Termin, um eine Ausfallrechnung zu vermeiden. Wir sind eine reine Bestellpraxis und k\u00f6nnen niemanden \u201enachr\u00fccken\u201c lassen, wie Sie es vom Arzt kennen.<\/div>\n\t\t\t\t<\/div>\n\t\t\t\t\t\t\t<div class=\"elementor-accordion-item\">\n\t\t\t\t\t<h2 id=\"elementor-tab-title-2064\" class=\"elementor-tab-title\" data-tab=\"4\" role=\"button\" aria-controls=\"elementor-tab-content-2064\" aria-expanded=\"false\">\n\t\t\t\t\t\t\t\t\t\t\t\t\t<span class=\"elementor-accordion-icon elementor-accordion-icon-right\" aria-hidden=\"true\">\n\t\t\t\t\t\t\t\t\t\t\t\t\t\t\t<span class=\"elementor-accordion-icon-closed\"><i class=\"fas fa-angle-down\"><\/i><\/span>\n\t\t\t\t\t\t\t\t<span class=\"elementor-accordion-icon-opened\"><i class=\"fas fa-angle-up\"><\/i><\/span>\n\t\t\t\t\t\t\t\t\t\t\t\t\t\t<\/span>\n\t\t\t\t\t\t\t\t\t\t\t\t<a class=\"elementor-accordion-title\" tabindex=\"0\">Wer bezahlt meine Therapie?<\/a>\n\t\t\t\t\t<\/h2>\n\t\t\t\t\t<div id=\"elementor-tab-content-2064\" class=\"elementor-tab-content elementor-clearfix\" data-tab=\"4\" role=\"region\" aria-labelledby=\"elementor-tab-title-2064\"><p>Die Kosten der Therapie werden von den <u>gesetzlichen Krankenkassen<\/u> \u00fcbernommen. Eine Eigenbeteiligung (Zuzahlung) ist f\u00fcr Versicherte ab dem 18. Lebensjahr gesetzlich vorgeschrieben. Pro Verordnung f\u00e4llt eine Pauschale von 10\u20ac plus 10 % des Verordnungswertes an.<\/p><p><u>Bei Privatversicherten<\/u> schlie\u00dfen wir zum 1. Termin eine Honorarvereinbarung ab. Die Kosten\u00fcbernahme der privaten Krankenversicherung richtet sich nach dem individuell abgeschlossenen Tarif, weshalb manchmal eine Eigenbeteiligung \u00fcbrig bleibt. Um nicht \u00fcberrascht zu werden, erfragen Sie bitte deshalb vorab in welcher H\u00f6he Ihre private Krankenversicherung leistet.<\/p><\/div>\n\t\t\t\t<\/div>\n\t\t\t\t\t\t\t\t\t\t<script type=\"application\/ld+json\">{\"@context\":\"https:\\\/\\\/schema.org\",\"@type\":\"FAQPage\",\"mainEntity\":[{\"@type\":\"Question\",\"name\":\"Muss ich zuhause \\u00fcben?\",\"acceptedAnswer\":{\"@type\":\"Answer\",\"text\":\"In den meisten F\\u00e4llen beschleunigt h\\u00e4usliche \\u00dcbung den Therapieerfolg. Sie werden dazu individuell von der zust\\u00e4ndigen Therapeutin betreut.\\n\"}},{\"@type\":\"Question\",\"name\":\"Kommen wir zu Ihnen nach Hause?\",\"acceptedAnswer\":{\"@type\":\"Answer\",\"text\":\"Erwachsene k\\u00f6nnen bei Immobilit\\u00e4t einen Hausbesuch an der Wohnadresse verschrieben bekommen.\"}},{\"@type\":\"Question\",\"name\":\"Was passiert, wenn ich die Therapie kurzfristig nicht wahrnehmen kann?\",\"acceptedAnswer\":{\"@type\":\"Answer\",\"text\":\"Bei Verhinderung bitten wir um Absage 24 Stunden vor dem Termin, um eine Ausfallrechnung zu vermeiden. Wir sind eine reine Bestellpraxis und k\\u00f6nnen niemanden \\u201enachr\\u00fccken\\u201c lassen, wie Sie es vom Arzt kennen.\"}},{\"@type\":\"Question\",\"name\":\"Wer bezahlt meine Therapie?\",\"acceptedAnswer\":{\"@type\":\"Answer\",\"text\":\"<p>Die Kosten der Therapie werden von den <u>gesetzlichen Krankenkassen<\\\/u> \\u00fcbernommen. Eine Eigenbeteiligung (Zuzahlung) ist f\\u00fcr Versicherte ab dem 18. Lebensjahr gesetzlich vorgeschrieben. Pro Verordnung f\\u00e4llt eine Pauschale von 10\\u20ac plus 10 % des Verordnungswertes an.<\\\/p><p><u>Bei Privatversicherten<\\\/u> schlie\\u00dfen wir zum 1. Termin eine Honorarvereinbarung ab. Die Kosten\\u00fcbernahme der privaten Krankenversicherung richtet sich nach dem individuell abgeschlossenen Tarif, weshalb manchmal eine Eigenbeteiligung \\u00fcbrig bleibt. Um nicht \\u00fcberrascht zu werden, erfragen Sie bitte deshalb vorab in welcher H\\u00f6he Ihre private Krankenversicherung leistet.<\\\/p>\"}}]}<\/script>\n\t\t\t\t\t<\/div>\n\t\t\t\t<\/div>\n\t\t\t\t<\/div>\n\t\t\t\t<section class=\"elementor-section elementor-inner-section elementor-element elementor-element-b684810 elementor-section-boxed elementor-section-height-default elementor-section-height-default\" data-id=\"b684810\" data-element_type=\"section\">\n\t\t\t\t\t\t<div class=\"elementor-container elementor-column-gap-default\">\n\t\t\t\t\t<div class=\"elementor-column elementor-col-100 elementor-inner-column elementor-element elementor-element-7ec95d4d elementor-invisible\" data-id=\"7ec95d4d\" data-element_type=\"column\" data-settings=\"{&quot;animation&quot;:&quot;fadeIn&quot;,&quot;animation_delay&quot;:100}\">\n\t\t\t<div class=\"elementor-widget-wrap\">\n\t\t\t\t\t\t\t<\/div>\n\t\t<\/div>\n\t\t\t\t\t<\/div>\n\t\t<\/section>\n\t\t\t\t<div class=\"elementor-element elementor-element-676d3356 elementor-invisible elementor-widget elementor-widget-heading\" data-id=\"676d3356\" data-element_type=\"widget\" data-settings=\"{&quot;_animation&quot;:&quot;fadeIn&quot;,&quot;_animation_delay&quot;:150}\" data-widget_type=\"heading.default\">\n\t\t\t\t<div class=\"elementor-widget-container\">\n\t\t\t<h2 class=\"elementor-heading-title elementor-size-default\">Wir freuen uns auf die Gemeinsame Arbeit!\n\n<\/h2>\t\t<\/div>\n\t\t\t\t<\/div>\n\t\t\t\t\t<\/div>\n\t\t<\/div>\n\t\t\t\t\t<\/div>\n\t\t<\/section>\n\t\t\t\t<section class=\"elementor-section elementor-top-section elementor-element elementor-element-d9e90c9 elementor-section-height-min-height elementor-section-full_width elementor-section-items-stretch elementor-section-content-middle elementor-section-height-default\" data-id=\"d9e90c9\" data-element_type=\"section\" data-settings=\"{&quot;background_background&quot;:&quot;classic&quot;}\">\n\t\t\t\t\t\t<div class=\"elementor-container elementor-column-gap-no\">\n\t\t\t\t\t<div class=\"elementor-column elementor-col-50 elementor-top-column elementor-element elementor-element-3ea6e8fc\" data-id=\"3ea6e8fc\" data-element_type=\"column\" data-settings=\"{&quot;background_background&quot;:&quot;classic&quot;}\">\n\t\t\t<div class=\"elementor-widget-wrap elementor-element-populated\">\n\t\t\t\t\t\t<div class=\"elementor-element elementor-element-1eec443b elementor-widget elementor-widget-heading\" data-id=\"1eec443b\" data-element_type=\"widget\" data-widget_type=\"heading.default\">\n\t\t\t\t<div class=\"elementor-widget-container\">\n\t\t\t<h2 class=\"elementor-heading-title elementor-size-default\">Weitere Informationen<\/h2>\t\t<\/div>\n\t\t\t\t<\/div>\n\t\t\t\t<div class=\"elementor-element elementor-element-3445150b elementor-widget elementor-widget-text-editor\" data-id=\"3445150b\" data-element_type=\"widget\" data-widget_type=\"text-editor.default\">\n\t\t\t\t<div class=\"elementor-widget-container\">\n\t\t\t\t\t\t\t<p>Sie haben noch Fragen oder sind auf der Suche nach weiteren Informationen zu unserem Behandlungsspektrum? Sie sind sich unsicher, wie eine passende Therapie aussehen k\u00f6nnte?<\/p><p>Oder Sie m\u00f6chten einen Termin vereinbaren?<\/p><p>Nehmen Sie gerne Kontakt zu uns auf &#8211; wir freuen uns auf Ihre Nachricht oder Ihren Anruf!<\/p>\t\t\t\t\t\t<\/div>\n\t\t\t\t<\/div>\n\t\t\t\t<div class=\"elementor-element elementor-element-54a555cc elementor-align-center elementor-widget elementor-widget-button\" data-id=\"54a555cc\" data-element_type=\"widget\" data-widget_type=\"button.default\">\n\t\t\t\t<div class=\"elementor-widget-container\">\n\t\t\t\t\t<div class=\"elementor-button-wrapper\">\n\t\t\t<a class=\"elementor-button elementor-button-link elementor-size-sm elementor-animation-hang\" href=\"https:\/\/www.flamboyant-elion.94-102-211-149.plesk.page\/index.php\/contact\/\">\n\t\t\t\t\t\t<span class=\"elementor-button-content-wrapper\">\n\t\t\t\t\t\t\t\t\t<span class=\"elementor-button-text\">KONTAKT \u27f6<\/span>\n\t\t\t\t\t<\/span>\n\t\t\t\t\t<\/a>\n\t\t<\/div>\n\t\t\t\t<\/div>\n\t\t\t\t<\/div>\n\t\t\t\t\t<\/div>\n\t\t<\/div>\n\t\t\t\t<div class=\"elementor-column elementor-col-50 elementor-top-column elementor-element elementor-element-2700cfec\" data-id=\"2700cfec\" data-element_type=\"column\" data-settings=\"{&quot;background_background&quot;:&quot;classic&quot;}\">\n\t\t\t<div class=\"elementor-widget-wrap elementor-element-populated\">\n\t\t\t\t\t\t<div class=\"elementor-element elementor-element-4fd0b7b elementor-widget elementor-widget-spacer\" data-id=\"4fd0b7b\" data-element_type=\"widget\" data-widget_type=\"spacer.default\">\n\t\t\t\t<div class=\"elementor-widget-container\">\n\t\t\t\t\t<div class=\"elementor-spacer\">\n\t\t\t<div class=\"elementor-spacer-inner\"><\/div>\n\t\t<\/div>\n\t\t\t\t<\/div>\n\t\t\t\t<\/div>\n\t\t\t\t\t<\/div>\n\t\t<\/div>\n\t\t\t\t\t<\/div>\n\t\t<\/section>\n\t\t\t\t<\/div>\n\t\t","protected":false},"excerpt":{"rendered":"<p>ABC der THERAPIE FAQ Wie erhalte ich Logop\u00e4die oder Sprachtherapie? Ihr betreuender Arzt\/\u00c4rztin stellt bei medizinischer Notwendigkeit eine Heilmittelverordnung f\u00fcr Sprachtherapie oder ein Privatrezept aus. Grunds\u00e4tzlich k\u00f6nnen alle \u00c4rzte verordnen (Kinder-\/Jugend\u00e4rzte, HNO-\u00c4rzte, Phoniater, P\u00e4daudiologen, Allgemeinmediziner, Internisten, Neurologen, Kieferorthop\u00e4den, usw.). Wie bekomme ich einen Termin in der Praxis? Den ersten Termin zur Anamnese und Diagnostik vereinbaren [&hellip;]<\/p>\n","protected":false},"author":1,"featured_media":0,"parent":0,"menu_order":0,"comment_status":"closed","ping_status":"closed","template":"","meta":{"footnotes":""},"class_list":["post-425","page","type-page","status-publish","hentry"],"_links":{"self":[{"href":"https:\/\/www.logopaedie-wortreich.de\/index.php\/wp-json\/wp\/v2\/pages\/425","targetHints":{"allow":["GET"]}}],"collection":[{"href":"https:\/\/www.logopaedie-wortreich.de\/index.php\/wp-json\/wp\/v2\/pages"}],"about":[{"href":"https:\/\/www.logopaedie-wortreich.de\/index.php\/wp-json\/wp\/v2\/types\/page"}],"author":[{"embeddable":true,"href":"https:\/\/www.logopaedie-wortreich.de\/index.php\/wp-json\/wp\/v2\/users\/1"}],"replies":[{"embeddable":true,"href":"https:\/\/www.logopaedie-wortreich.de\/index.php\/wp-json\/wp\/v2\/comments?post=425"}],"version-history":[{"count":83,"href":"https:\/\/www.logopaedie-wortreich.de\/index.php\/wp-json\/wp\/v2\/pages\/425\/revisions"}],"predecessor-version":[{"id":1213,"href":"https:\/\/www.logopaedie-wortreich.de\/index.php\/wp-json\/wp\/v2\/pages\/425\/revisions\/1213"}],"wp:attachment":[{"href":"https:\/\/www.logopaedie-wortreich.de\/index.php\/wp-json\/wp\/v2\/media?parent=425"}],"curies":[{"name":"wp","href":"https:\/\/api.w.org\/{rel}","templated":true}]}}